What is the remainder when 1854 is divided by 48?
30
What is the remainder when 238 is divided by 20?
18
Calculate the remainder when 182 is divided by 32.
22
Calculate the remainder when 266 is divided by 17.
11
What is the remainder when 281 is divided by 172?
109
Calculate the remainder when 327 is divided by 5.
2
What is the remainder when 34 is divided by 32?
2
What is the remainder when 899 is divided by 36?
35
What is the remainder when 104 is divided by 49?
6
What is the remainder when 1931 is divided by 1923?
8
What is the remainder when 109 is divided by 94?
15
Calculate the remainder when 270 is divided by 25.
20
Calculate the remainder when 1277 is divided by 142.
141
Calculate the remainder when 2917 is divided by 21.
19
Calculate the remainder when 222 is divided by 40.
22
What is the remainder when 700 is divided by 689?
11
What is the remainder when 550 is divided by 12?
10
What is the remainder when 107 is divided by 11?
8
What is the remainder when 1383 is divided by 686?
11
What is the remainder when 1634 is divided by 182?
178
What is the remainder when 194 is divided by 15?
14
Calculate the remainder when 396 is divided by 155.
86
Calculate the remainder when 410 is divided by 50.
10
What is the remainder when 235 is divided by 53?
23
Calculate the remainder when 654 is divided by 154.
38
Calculate the remainder when 1569 is divided by 131.
128
Calculate the remainder when 130 is divided by 22.
20
Calculate the remainder when 400 is divided by 67.
65
Calculate the remainder when 1052 is divided by 151.
146
What is the remainder when 479 is divided by 22?
17
Calculate the remainder when 10870 is divided by 5435.
0
Calculate the remainder when 1251 is divided by 247.
16
What is the remainder when 1655 is divided by 79?
75
Calculate the remainder when 528 is divided by 47.
11
What is the remainder when 951 is divided by 119?
118
Calculate the remainder when 1335 is divided by 369.
228
What is the remainder when 246 is divided by 63?
57
Calculate the remainder when 188 is divided by 61.
5
Calculate the remainder when 1710 is divided by 16.
14
Calculate the remainder when 805 is divided by 293.
219
What is the remainder when 252 is divided by 17?
14
What is the remainder when 380 is divided by 24?
20
What is the remainder when 1158 is divided by 40?
38
Calculate the remainder when 48761 is divided by 27.
26
Calculate the remainder when 3844 is divided by 22.
16
Calculate the remainder when 1821 is divided by 30.
21
Calculate the remainder when 975 is divided by 95.
25
Calculate the remainder when 115 is divided by 40.
35
Calculate the remainder when 810 is divided by 107.
61
What is the remainder when 490 is divided by 89?
45
What is the remainder when 111 is divided by 20?
11
Calculate the remainder when 259 is divided by 135.
124
Calculate the remainder when 188 is divided by 51.
35
Calculate the remainder when 1348 is divided by 25.
23
What is the remainder when 239 is divided by 35?
29
What is the remainder when 306 is divided by 43?
5
What is the remainder when 579 is divided by 192?
3
What is the remainder when 433 is divided by 216?
1
Calculate the remainder when 1212 is divided by 80.
12
Calculate the remainder when 60 is divided by 13.
8
Calculate the remainder when 558 is divided by 197.
164
Calculate the remainder when 128 is divided by 11.
7
What is the remainder when 1092 is divided by 12?
0
Calculate the remainder when 445 is divided by 32.
29
Calculate the remainder when 121 is divided by 22.
11
Calculate the remainder when 121 is divided by 5.
1
What is the remainder when 1 is divided by 1?
0
What is the remainder when 625 is divided by 19?
17
What is the remainder when 994 is divided by 29?
8
What is the remainder when 188 is divided by 47?
0
Calculate the remainder when 67 is divided by 19.
10
Calculate the remainder when 1535 is divided by 29.
27
What is the remainder when 1092 is divided by 57?
9
What is the remainder when 153 is divided by 13?
10
What is the remainder when 1771 is divided by 884?
3
Calculate the remainder when 276 is divided by 114.
48
Calculate the remainder when 476 is divided by 168.
140
Calculate the remainder when 658 is divided by 95.
88
What is the remainder when 916 is divided by 126?
34
What is the remainder when 255 is divided by 16?
15
What is the remainder when 164 is divided by 24?
20
What is the remainder when 153 is divided by 78?
75
What is the remainder when 14142 is divided by 34?
32
What is the remainder when 268 is divided by 59?
32
What is the remainder when 243 is divided by 31?
26
Calculate the remainder when 22467 is divided by 15.
12
What is the remainder when 267 is divided by 99?
69
Calculate the remainder when 217 is divided by 46.
33
Calculate the remainder when 159 is divided by 37.
11
What is the remainder when 371 is divided by 75?
71
Calculate the remainder when 225 is divided by 58.
51
What is the remainder when 1938 is divided by 32?
18
Calculate the remainder when 442 is divided by 37.
35
What is the remainder when 505 is divided by 19?
11
Calculate the remainder when 297 is divided by 51.
42
What is the remainder when 595 is divided by 26?
23
What is the remainder when 127 is divided by 12?
7
What is the remainder when 239 is divided by 40?
39
Calculate the remainder when 9790 is divided by 153.
151
What is the remainder when 400 is divided by 102?
94
Calculate the remainder when 691 is divided by 58.
53
Calculate the remainder when 1102 is divided by 48.
46
What is the remainder when 6859 is divided by 28?
27
Calculate the remainder when 38636 is divided by 53.
52
Calculate the remainder when 23 is divided by 9.
5
Calculate the remainder when 1403 is divided by 27.
26
What is the remainder when 533 is divided by 354?
179
Calculate the remainder when 1942 is divided by 5.
2
What is the remainder when 430 is divided by 62?
58
Calculate the remainder when 3148 is divided by 112.
12
What is the remainder when 214 is divided by 45?
34
What is the remainder when 2064 is divided by 115?
109
Calculate the remainder when 250 is divided by 12.
10
What is the remainder when 244 is divided by 49?
48
Calculate the remainder when 81 is divided by 52.
29
Calculate the remainder when 290 is divided by 62.
42
Calculate the remainder when 98 is divided by 32.
2
Calculate the remainder when 2475 is divided by 59.
56
What is the remainder when 1559 is divided by 224?
215
Calculate the remainder when 704 is divided by 15.
14
Calculate the remainder when 2900 is divided by 289.
10
What is the remainder when 149 is divided by 42?
23
What is the remainder when 10196 is divided by 75?
71
What is the remainder when 480 is divided by 239?
2
Calculate the remainder when 1235 is divided by 176.
3
Calculate the remainder when 24965 is divided by 87.
83
What is the remainder when 1353 is divided by 59?
55
What is the remainder when 563 is divided by 4?
3
Calculate the remainder when 79102 is divided by 64.
62
Calculate the remainder when 231 is divided by 13.
10
Calculate the remainder when 222 is divided by 111.
0
Calculate the remainder when 107 is divided by 17.
5
Calculate the remainder when 1048 is divided by 35.
33
Calculate the remainder when 89 is divided by 52.
37
Calculate the remainder when 128 is divided by 26.
24
Calculate the remainder when 1222 is divided by 9.
7
What is the remainder when 205 is divided by 79?
47
Calculate the remainder when 811 is divided by 163.
159
What is the remainder when 216 is divided by 121?
95
Calculate the remainder when 286 is divided by 8.
6
Calculate the remainder when 112 is divided by 33.
13
What is the remainder when 1028 is divided by 426?
176
What is the remainder when 215 is divided by 67?
14
Calculate the remainder when 470 is divided by 92.
10
Calculate the remainder when 549 is divided by 67.
13
Calculate the remainder when 251 is divided by 83.
2
Calculate the remainder when 699 is divided by 62.
17
What is the remainder when 104 is divided by 5?
4
Calculate the remainder when 196 is divided by 83.
30
What is the remainder when 5754 is divided by 20?
14
What is the remainder when 24535 is divided by 10?
5
Calculate the remainder when 2385 is divided by 217.
215
Calculate the remainder when 300 is divided by 64.
44
Calculat